e
Let i = -433 - -902. Is i a composite number?
True
Let s(o) = -o**3 - o**2 - o - 1. Let z be s(-2). Suppose 4*t = -12, t = z*a - 376 - 582. Is a prime?
True
Suppose 5*i - 289 + 795 = 2*o, -4*o + 1012 = -i. Is (3 - 2)*o + 0 composite?
True
Let r = 5 + -7. Is (-4 - 3)*r/2 a prime number?
True
Let t = -24 - -43. Is t a prime number?
True
Let w(m) = -142*m**3 - 6*m**2 - 4. Let f(g) = -143*g**3 - 5*g**2 - 3. Let k(s) = 5*f(s) - 4*w(s). Let j be k(-1). Is (j/(-14))/(2/(-4)) a composite number?
True
Let u(n) = 35*n**2 + 6*n - 1. Is u(4) a composite number?
True
Suppose 330 = 2*v + v. Suppose 0 = -w - 4*w + v. Is -3 + 0/3 + w a composite number?
False
Let u(a) = -3*a**3 - 2*a**2 + 9*a + 11. Is u(-5) a prime number?
False
Let r = 6287 - 4440. Is r a composite number?
False
Is 1*(0/2 - -319) prime?
False
Suppose -4*t = t + 700. Let w = 202 + t. Is w a prime number?
False
Suppose 3*r - r - 283 = q, -3*r - 4*q = -397. Is r a composite number?
False
Let b(h) = -h - 7. Let u be b(-3). Let i be ((-1)/1)/(u/(-32)). Let j = i - -15. Is j composite?
False
Is ((-4)/(-5) - 6033/(-15))/1 a composite number?
True
Is ((-3985)/10)/((-2)/4) a composite number?
False
Is 3/(-6)*(-5008 + 2) prime?
True
Let q = -252 + 461. Is q composite?
True
Let z(t) = -36*t + 11. Is z(-5) a composite number?
False
Suppose 0 = -3*c + 5 + 4. Suppose -8 = 3*r + r, -5*u + 21 = -c*r. Is (-4)/(-6) + 73/u a prime number?
False
Let s be 9/(-2 + -1) + 2. Let o(q) = 63*q**2. Let k be o(s). Let v = -10 + k. Is v composite?
False
Suppose -5*z + 815 = 4*n, 4*z + 93 = 5*n + 704. Is z prime?
False
Let g = 12 - -12. Is (-1)/4 - (-2142)/g prime?
True
Let s = 1 - -11. Is 664/s*(-18)/(-4) a prime number?
False
Let a(y) = -3*y**3 - 6*y**2 - 3*y - 7. Is a(-6) a composite number?
False
Is 2039/13 - (-30)/195 a prime number?
True
Let l be ((0/2)/(-1))/2. Suppose l*s + 175 = s. Suppose -3*i + 218 = 4*a, 3*a - s = -2*i - 12. Is a prime?
True
Let i(t) = 28*t**2 + 6*t - 7. Is i(3) prime?
True
Let z(y) be the second derivative of y**3/6 + y**2 + 4*y. Let u be z(0). Is 210 + 2/u + 0 a prime number?
True
Let l(k) = 39*k - 6. Let t(b) be the third derivative of b**4/24 + b**3/6 + b**2. Let f(w) = -l(w) - 2*t(w). Is f(-3) a prime number?
True
Let t(f) = f - 7. Let x be t(6). Is 3 + -3 + 57 - x prime?
False
Let c be ((-4)/(-6))/(2/12). Let w(o) = -2*o**2 + 4*o - 3. Let x be w(c). Let j = 6 - x. Is j a composite number?
True
Let l = -453 - -832. Is l a composite number?
False
Let x = -1 - 8. Is 2/x - 1721/(-9) a prime number?
True
Let k = 1126 - 1716. Is -2 - (-6)/((-12)/k) a composite number?
False
Suppose 5*p = -8*p + 507. Is p a composite number?
True
Is 22*6/((-36)/(-15)) a composite number?
True
Let s(a) = -a + 10. Let k be s(8). Suppose k*p - p = 0. Suppose u + 20 - 73 = p. Is u a composite number?
False
Suppose 4*s = 41 + 39. Suppose -5*a + s = -5*n, -4*n = -3*a + 6 + 8. Suppose -4*p - 2*x + 346 = 0, 3*p - a*p - 4*x = 91. Is p composite?
True
Let t(u) be the first derivative of -u**4/12 + 5*u**3/2 - 11*u**2/2 + 3*u + 3. Let v(f) be the first derivative of t(f). Is v(11) a prime number?
False
Suppose 381 = 2*q + q. Is q composite?
False
Suppose 5*k - 70 + 10 = 0. Suppose -5*j = 0, -3*j + k = 2*d - 5*j. Suppose -2*n + d*n + 2*o = 272, 3*n + 2*o = 205. Is n a composite number?
False
Let w = 0 + 2. Let p be 59/(1/4*w). Suppose u + p = 3*u. Is u a composite number?
False
Let j = 250 + -97. Suppose 0 = -5*a + j + 1502. Is a prime?
True
Is ((-10)/(-2) + 738)/(-1 - -2) prime?
True
Let d = -5463 - -7744. Is d prime?
True
Is (-9477)/(-21) - (-6)/(-21) a composite number?
True
Let o = -3 + 3. Suppose o = b + b. Suppose b = -3*m + 81 + 30. Is m prime?
True
Suppose -7*x = -8*x + 587. Is x composite?
False
Let r be (-62)/4 + (-3)/(-6). Let l = r - -46. Is l a composite number?
False
Let u(i) = 2*i**3 - 2*i**2 - 6*i - 4. Let j be u(5). Suppose -m + 43 = -4*q, -2*m - 3*q = 58 - j. Is m a prime number?
False
Suppose 4*s = 6*g - g + 1118, 4*s - 1116 = 4*g. Let r = s - 156. Is r prime?
False
Let c(w) = 33*w**2 - 4*w + 8. Is c(7) a composite number?
False
Let k(y) = -5*y + 2. Let g be k(-2). Let h(w) = 3*w - w - 1 + 14*w. Is h(g) a prime number?
True
Suppose -1398 - 917 = -5*j. Suppose -314 = -i - i + 4*l, 4*l = 3*i - j. Is i a prime number?
True
Let d(m) = -520*m**3 + 3*m**2 + 2*m. Is d(-1) a composite number?
False
Suppose -5*y = -2*d + 9, 13 = 5*d - 3*y - 0*y. Let p(o) = 4*o**3 - 4*o**2 + 2*o + 2. Let h be p(d). Suppose 73 = a - h. Is a a composite number?
True
Let b be -2 - (-23 - 0/1). Let l be 4/(-14) - (-48)/b. Suppose l*h - 262 + 96 = 0. Is h a prime number?
True
Let q(b) = b**2 + 9. Let l be q(6). Let o(f) = -4*f + 4. Let m be o(3). Let a = m + l. Is a a composite number?
False
Suppose -2853 = -3*u + 2*m - 0*m, 0 = -4*u + 4*m + 3800. Is u a prime number?
True
Let m = 139 + -56. Is m a prime number?
True
Suppose 70 = -3*u + 169. Let w = 86 - u. Is w prime?
True
Is 205 - (0 - -3) - -3 a composite number?
True
Suppose 0 = 3*m + k - 12 + 2, m = -k + 2. Suppose -3*h + 1 = -5*z + 6, 4 = m*z. Suppose h = -2*g + g + 263. Is g composite?
False
Let s(p) = -p**3 - 9*p**2 - 2*p - 5. Let d be s(-8). Let m = 136 + d. Is m prime?
True
Suppose -2*n = 3*n - 270. Let g = 77 - n. Suppose g = 2*z - 51. Is z a composite number?
False
Let n = 916 - 579. Is n a composite number?
False
Let s(i) = -1 - 7*i + 6*i + 8*i + 0. Is s(2) a composite number?
False
Is -4 + (2 - 1) + 6 + 66 a composite number?
True
Let w = -2 + 4. Let a be (-4 + 6)*1/w. Is a*(11 + (3 - 1)) a prime number?
True
Suppose p - 4 = 0, j - 2*p + 16 = -50. Let n = j - -111. Is n a prime number?
True
Suppose 4*g - 32 = -3*i, 0 = -9*i + 4*i - g + 25. Suppose -i*a = -3*a - 34. Is a a composite number?
True
Let q = -30 + 767. Is q a composite number?
True
Let w be 37*(1 - 0/2). Suppose 302 = 5*y + w. Is y a composite number?
False
Let c = 6 - 4. Suppose -4*b = 3*u + 29 + 7, -5*b + 3*u - 18 = 0. Is c*-1*141/b prime?
True
Let o be ((-2)/(-4))/(4/8). Suppose 2*r = 31 - o. Is r prime?
False
Let p = -4 + 9. Suppose 0 = p*h + x + 614, 2*h - 3*h + 4*x - 106 = 0. Let q = 89 - h. Is q composite?
False
Let u = 4148 - 111. Is u prime?
False
Let p(g) = -g. Let r be p(-7). Suppose -4*b + 87 = 3*d, r*b + 4*d = 4*b + 67. Is b a prime number?
False
Suppose n + n + 386 = 2*s, 4*s - 763 = n. Let j = -131 + s. Is j a prime number?
True
Let t(w) = 488*w**3 + 2*w**2 - 2*w + 1. Is t(1) a composite number?
True
Suppose 0 = g + 13 - 57. Is 2006/22 - 8/g prime?
False
Let t(y) = y + 2. Let o be t(5). Let s(g) = -2*g**3 - 4*g**3 + o*g**3 + 3 + 3*g - 3*g**2. Is s(4) a composite number?
False
Let h = 160 - 93. Is h composite?
False
Let o(r) = -r. Let m(k) = -11*k + 1. Let b(g) = -m(g) - 3*o(g). Is b(7) a prime number?
True
Let o(y) = -252*y - 1. Is o(-2) a prime number?
True
Is 8392/6 - (52/(-12) + 4) a prime number?
True
Let b(o) = 2*o**2 - 4*o + 2. Let g be b(2). Suppose 4*i = 4*r, g*i - 9 + 4 = -3*r. Is r + -2 + 7 + 1 prime?
True
Suppose 0 = 4*g - g + 141. Suppose -3*x + 220 = 2*a, a - 3*x + 324 = 4*a. Let t = a + g. Is t a prime number?
False
Suppose 30 = 5*k - 20. Let f = 109 + k. Is f composite?
True
Let h(l) be the first derivative of 11*l**6/180 - l**3 + 2. Let x(p) be the third derivative of h(p). Is x(-1) prime?
False
Suppose 3*o + 3201 = 6*o. Let w = 1595 - o. Let u = -365 + w. Is u composite?
False
Let i = 1289 + -540. Is i a composite number?
True
Suppose i - 290 - 3 = 0. Let w = 504 - i. Is w composite?
False
Let i(x) = x + 4. Suppose -5*r = n - 17, 6 = -0*r + 2*r. Let l = n + -2. Is i(l) composite?
True
Let w(k) = 7*k**2 + 8*k + 3. Let x(c) = 8*c**2 + 9*c + 3. Let p(d) = 7*w(d) - 6*x(d). Let y(o) = o**3 + 5*o**2 + 5*o + 2. Let a be y(-3). Is p(a) prime?
False
Let j = 350 - -45. Is j a composite number?
True
Suppose -s + 4310 = 2*l, -3*l + 3507 = -3*s - 2940. Is l a prime number?
True
Suppose 0 = 6*a - 10*a + 12116. Is a composite?
True
Let u(k) be the third derivative of 0 + 0*k + 1/2*k**4 + 2*k**2 - 1/60*k**5 + 1/6*k**3. Is u(10) prime?
False
Let s(q) = q**2 + 10. Is s(0) composite?
True
Suppose l - 60 = 66. Suppose 3*b + 3*s = 108, -4*s - l = -4*b + s. Is b a composite number?
True
Let t(b) = b**2 - b. Let l be t(0). Suppose 4*v = -3*o - 0*v + 1239, l = o + 2*v - 415. Is o a prime number?
T